derivative of 7*w**2/2 + 35*w - 9. Let d be l(9). Calculate the greatest common divisor of d and 14.
14
Suppose -2*g + 6*g = 0. Suppose g*v - 4*v + 24 = 0. Suppose 2*c + v*b - b - 43 = 0, -3*c + 48 = 2*b. Calculate the greatest common divisor of c and 14.
14
Let j(o) = 3*o + 14. Let m be j(0). Let l be (-21 - -19)/((-2)/m). Suppose 2*a - 178 - 18 = 0. What is the greatest common factor of l and a?
14
Let d be (-6)/2 + 3 - 7. Let x = 2 - d. Suppose 4*r + x = 21. Calculate the highest common divisor of 6 and r.
3
Let v = 49 + 203. What is the highest common divisor of 27 and v?
9
Let v(k) = -2*k - 3. Let w be v(-6). Suppose 0 = 19*x - 21*x - 170. Let r = x + 103. What is the greatest common factor of r and w?
9
Let t = 1985 + -1085. What is the greatest common factor of 36 and t?
36
Let q(y) = -y**3 + 15*y**2 - 42*y - 13. Let t be q(11). What is the highest common factor of t and 1899?
9
Let b be (-2)/6 - (-752)/6. Let c(k) = 57*k + 78. Let x be c(-5). Let d = -182 - x. Calculate the highest common divisor of d and b.
25
Let c = -662 - -746. Calculate the highest common divisor of c and 714.
42
Let n be 0 + (0 + -2)*97. Let p = -50 - n. What is the highest common divisor of 16 and p?
16
Let i be 322/8 - 1/4. Let u = 3547 - 3542. Calculate the highest common factor of i and u.
5
Let o be ((-8)/5)/(16/(-40)). Suppose -o = -2*t - 0. Suppose m - 5 = -g, -g - 3*g - t*m = -22. Calculate the greatest common divisor of g and 12.
6
Let x be 5/20*0 + 2. Let k(j) = 2*j + 29. Let v be k(-14). What is the greatest common divisor of v and x?
1
Let k = -6 - -43. Let x = 45 - k. Suppose y - x = 6. Calculate the greatest common factor of 21 and y.
7
Let t be (-1 - (2 + -2)) + 38. Suppose -t = -i + 4*b - 3, 80 = 5*i - 2*b. Let l = i + 14. Calculate the greatest common divisor of 7 and l.
7
Let p = 974 - 1432. Let l be (p/1)/(-2)*1 + 2. Calculate the greatest common factor of l and 21.
21
Let q = 31 + -19. Suppose 4*n + 4 = 0, 2*h - 4*n + 9*n - 115 = 0. What is the greatest common divisor of q and h?
12
Suppose 0 = -2*f - 115*w + 119*w + 74, 44 = 2*f + 2*w. What is the highest common divisor of f and 441?
9
Let a(l) = 2*l**3 - 15*l**2 + 24*l + 58. Let v be a(9). What is the highest common factor of v and 11?
11
Let r(c) = c**3 + 18*c**2 - 33*c + 92. Let z be r(-19). Calculate the greatest common divisor of z and 1.
1
Let d be ((-32)/40)/(1/(-5)). Suppose 0 = -x + 2*w + 2, 3*w - d - 2 = 0. Let y be ((-104)/x)/(2/(-6)). Calculate the highest common divisor of 13 and y.
13
Suppose 4 = -4*s, 4*g - 2*s - 11 = s. Suppose 24 + 72 = g*c. Calculate the greatest common factor of 16 and c.
16
Suppose 516 = 2*n + j + 13, -4*n + j + 1009 = 0. Calculate the greatest common factor of n and 28.
28
Let d(p) = -p**3 - 28*p**2 + 60*p + 50. Let q be d(-30). Calculate the highest common factor of q and 1.
1
Let n(l) = 3*l**2 + 11*l + 4. Let b be n(-7). Suppose 408 = -9*a + 1614. Let w = a - b. What is the highest common divisor of 24 and w?
12
Let z(q) = -q**3 - 21*q**2 - 34*q - 7. Let d be z(-22). What is the highest common factor of 25 and d?
25
Let u = 4361 - 2567. Calculate the highest common divisor of u and 78.
78
Let u be 5*((-12)/(-15))/(-2). Let l be u/(-5) - (-8694)/115. Calculate the highest common factor of l and 19.
19
Let j(d) = 5*d + 4. Let q be j(-4). Let o be (296/q)/(1/(-2)). Suppose 1521 = 8*f - 551. What is the greatest common factor of f and o?
37
Let i be 2/16 - (-1 + 3690/(-48)). Calculate the greatest common factor of 351 and i.
39
Let m(i) = 1. Let y(z) = -3*z - 3*z**2 + 6 + 4*z**2 + 5*z**2. Let j(f) = -6*m(f) + y(f). Let q be j(5). What is the highest common divisor of 15 and q?
15
Let w = 9 - -1. Let u = 19 - w. Let y be -1*4*(-1 + -8). Calculate the highest common factor of y and u.
9
Let q(r) = 12*r**2 + 10*r + 55. Let k be q(-6). What is the highest common divisor of 244 and k?
61
Let a = 46 + 16. Calculate the greatest common divisor of a and 62.
62
Suppose 28 = 4*k - 80. Suppose -8*u = -22 - 2. Calculate the highest common factor of k and u.
3
Let x be (3 - 20/6)/((-1)/18). Let o be (-3)/81*x - 364/(-18). What is the highest common divisor of o and 30?
10
Let n(i) = 3*i**3 - 7*i**2. Let l be n(3). Let u(w) = -12*w**2 - 2*w - 1. Let k be u(-1). Let v = l + k. What is the highest common divisor of 56 and v?
7
Let g = 898 + -883. Let a = 240 - 75. Calculate the highest common factor of a and g.
15
Let u be (-273)/182*506/(-3). What is the greatest common divisor of 23 and u?
23
Suppose -3*m = -2*m + k - 116, -4*m - k = -476. Suppose 0 = -3*n - 12, -6*y = -4*y - 2*n - 66. Let p = y - 14. What is the highest common factor of p and m?
15
Let x(p) = 0*p + 1 - p + 5 + 0*p. Let j(t) = -t - 12. Let c be j(-8). Let i be x(c). What is the highest common divisor of i and 70?
10
Suppose -23 - 124 = -21*w. Let b(u) = u**3 - 8*u**2 + 13*u - 28. Let t be b(w). What is the greatest common factor of 56 and t?
14
Suppose -659 = -21*v + 76. What is the greatest common divisor of 28 and v?
7
Suppose 3*t - t - 18 = 0. Let l(a) = 3*a + 17. Let b be l(-5). Let z be (b + (-4)/(-4))*(-6)/(-2). What is the highest common factor of t and z?
9
Let k = 3 - 53. Let q be ((-9)/9)/(2/k). Suppose -65 = -2*o + q. Calculate the greatest common factor of o and 15.
15
Suppose 2*q + 2*k = 8, 3*k = -4*q + 19 + 2. Let v = -4 + 6. Let m be (9/v)/(5/50). What is the greatest common factor of q and m?
9
Let b be (5 + -4)*(24 - 1). Let h(o) = o**2 + 12*o + 1. Let k be h(-20). Calculate the highest common factor of b and k.
23
Let h = -29 + 2. Let k = h + 34. Suppose 7*v - 663 + 222 = 0. What is the greatest common factor of v and k?
7
Let v(g) = 2*g**2 - 21*g + 14. Let t be v(10). Suppose 2*u = t*u - 182. Calculate the highest common factor of u and 13.
13
Suppose 2*f = q + 449, q - 895 = -4*f - 0*q. Suppose -4*v + f + 136 = 0. Let c be 18*(-2)/(-9)*15. Calculate the highest common divisor of c and v.
30
Let q = 26 + -12. Let x be (-30)/12*(-2 - (1 - -11)). Calculate the greatest common divisor of x and q.
7
Let u = -276 - -386. Calculate the greatest common factor of u and 22.
22
Suppose 11*n - 6*n = 265. Let h = -49 + n. Calculate the highest common divisor of 36 and h.
4
Let f = -50 + 278. What is the greatest common divisor of 76 and f?
76
Let t(a) = 40*a**2 - 3*a + 2. Let s be 15/13 + (-10)/65. Let g be t(s). Calculate the greatest common divisor of g and 26.
13
Let d = -188 + 293. Calculate the highest common factor of d and 3360.
105
Let g be -4*(-16*1 + 4). Suppose -2*j - 116 = -5*j + 2*m, -j = 4*m - g. Suppose -t = -0 - 5. Calculate the greatest common factor of j and t.
5
Let i be 98*24/36*(-3)/(-2). What is the greatest common factor of 140 and i?
14
Let f = -1093 - -1744. What is the highest common divisor of 7 and f?
7
Let a(j) = j - 6. Let l be a(6). Suppose v - 126 = -l*v. Let i = 19 - 1. What is the greatest common divisor of v and i?
18
Suppose 2*c - 4*c + 132 = 0. Suppose 0 = z + 5*m - 190, z - 27 = 5*m + 113. What is the highest common factor of c and z?
33
Suppose 15*m - 16 - 29 = 0. Suppose -5*h = -m*z + 406, 3*z + 2*h = 101 + 291. What is the greatest common divisor of z and 36?
12
Let f be 14/(-6)*(-90)/6. Calculate the greatest common divisor of 5 and f.
5
Let x(z) = z**2 - 3*z + 21. Let o be x(0). Suppose -3*a = -0 - o. What is the highest common factor of 56 and a?
7
Let t(o) = -14 + 0 + 1 - o - 3. Let h be t(-17). What is the greatest common factor of 5 and h?
1
Let y(u) = -4*u - 1. Let g be y(-1). Let z be (-90)/((-2)/(g - 1)). Let a = z - 46. What is the highest common factor of a and 4?
4
Let z = -614 - -698. What is the highest common factor of z and 300?
12
Let u be 22/3 - (-5)/(-15). Let p(w) = -w**3 + 7*w**2 + 1. Let g be p(u). Let k be 44*-1*1/(-4). Calculate the highest common factor of g and k.
1
Let k be 23*9/8 - 85/(-680). What is the highest common factor of k and 221?
13
Suppose 5*z = -2*n + 15, -4*n - 15 = -5*n - z. Calculate the greatest common factor of 740 and n.
20
Suppose 0 = -2*k - 5*s + 179, -5*k + 5*s + 482 = 6*s. What is the highest common divisor of k and 2134?
97
Suppose 0 = -4*a + 12, 3*a + 266 = y - 44. Calculate the highest common divisor of y and 87.
29
Suppose -n + 20 = 5*i, -2*i + 3*n + 3 = -5. Suppose i*s = s. Suppose -3*r + r + 14 = 